i) = i**3 + 5*i**2 - 3*i - 3. Calculate f(l).
-21
Let l(a) = -a**3 + 7*a**2 - 6*a + 4. Let o(t) = t**3 + 13*t**2 - t - 4. Let b be o(-13). Let j = b + -3. Give l(j).
4
Let l(d) = -5*d - 16. Let m(y) = 42*y + 126. Let k(w) = -51*l(w) - 6*m(w). What is k(-20)?
0
Let w(b) = b**3 + 4*b**2 - 9*b - 10. Let r be w(-6). Let j = r + 25. Let h(t) = 2*t + 12. Let v(m) = 3*m + 23. Let q(p) = j*v(p) + 5*h(p). What is q(4)?
-5
Suppose 7*m - 152 = 9. Let a be (-26 + m)/(((-6)/(-4))/(-1)). Let p(g) = g**3 - 3*g**2 + 2*g - 1. Give p(a).
-1
Let w(u) = -11*u + 22 - 63 + 2*u + 30. Let o(j) = -13*j - 16. Suppose -2*y - 17 = -3. Let r(i) = y*w(i) + 5*o(i). What is r(-5)?
7
Let d(l) = 25 - 4*l - 38 + 25. Let y be d(5). Let c(m) = -m. Calculate c(y).
8
Suppose -133 = 6*w - 109. Let p(a) be the third derivative of 2/3*a**3 + 4*a**2 + 1/120*a**6 + 0*a + 1/12*a**5 + 5/24*a**4 + 0. Calculate p(w).
0
Let d be (11/(275/(-10)))/((-2)/10). Let b(p) = 3*p**3 - 5*p**2 - 8*p - 8. Let s(v) = v**3 + v**2 - v + 1. Let q(c) = d*s(c) - b(c). Give q(8).
-6
Let k(q) = -3*q. Let o(r) = -16*r + 1. Let n(h) = -15*k(h) + 3*o(h). Determine n(5).
-12
Let u be -5 + (-4 - (-3 - -40)). Let r = -46 - u. Let t(j) = -j + 1. Determine t(r).
1
Let s(j) = -6*j + 12. Let f be s(2). Let q(c) = -c**2 - c - 14. Determine q(f).
-14
Let y(f) = -8*f**3 - f**2 - 7*f - 7. Let i be y(-1). Let u(z) = i*z**3 + 6 - 10*z**3 - 5*z**2 + 2*z**3 + z - 1. What is u(-5)?
0
Let u(m) = -5*m**2 + m**3 + 4 - 2*m + 2*m. Suppose -47*t + 39*t = -40. Determine u(t).
4
Let c(g) = -9*g**2 + g + 1. Let s be (-3)/12*(-10 - -12)*2. Calculate c(s).
-9
Let f(t) be the third derivative of -t**6/120 + t**5/20 + 5*t**4/24 + t**3/6 - 2*t**2 - 82. Determine f(4).
5
Suppose -5*h + 34 = -4*g, 2*h + 14 = 10. Let y(z) = z - 11. What is y(g)?
-22
Let c(w) = 17*w - 49 - 6 + 7. Let q(x) = -4*x + 12. Let f(t) = -2*c(t) - 9*q(t). Determine f(9).
6
Let k be 0/(4/(-4) - -2). Suppose k = -3*y + 5*y - 6. Let j(t) = -3*t + 2*t - 3*t**2 + 0*t**2 - t**y - 2*t**2. What is j(-5)?
5
Let b(f) be the second derivative of f**3/3 - 3*f**2/2 + 12*f. What is b(6)?
9
Let n(z) = 7*z**3 - 6*z**2 + 9. Let c(v) = -5*v**3 + 4*v**2 - 7. Let o(i) = -4*c(i) - 3*n(i). Suppose -3 = 5*x - 18. Calculate o(x).
-8
Let c(v) = -v**2 + 3*v + 2. Let z be c(3). Let u(q) = 0*q + z + 4*q - 2*q. Let b = -307 + 305. Determine u(b).
-2
Let q(d) be the first derivative of -d**3/3 - d**2/2 - 12*d + 12. Let j(t) be the first derivative of q(t). What is j(-3)?
5
Let l(n) = 1607 + 1609 - 3216 + 59*n. Calculate l(-1).
-59
Let t(j) = j**3 - j + 1. Suppose 92 - 90 = u. Determine t(u).
7
Let q(f) = -3*f + 31. Let r be q(3). Let k(c) = -14*c + r*c + 2 - 12*c. What is k(7)?
-26
Let z(f) be the third derivative of -f**4/6 - f**3/2 - 14*f**2. Determine z(-2).
5
Let s(v) = v**3 - 7*v**2 + 2*v + 4. Suppose 4*u - 37 = -5*r + 3*u, -r = -5*u + 3. Calculate s(r).
18
Let o(v) = -v - 4. Let w(y) = -2*y**3 + 8*y**2 - 9*y + 12. Let q be w(3). What is o(q)?
-7
Let a be (-6)/(-9) - 7/(-3). Let p(z) = -7*z - 7*z + a*z + 1. Suppose -4*l + o = 0, -3*l = -6*l - 5*o - 23. Give p(l).
12
Suppose 2*b = 4*f - 5*f + 7, -f - 11 = -4*b. Let z(j) be the second derivative of 5/6*j**3 + b*j + 0 - 1/2*j**2. Calculate z(-2).
-11
Let p(t) = t**3 + 3*t**2 - 4*t - 2. Let l be p(-3). Let i be (3/(-4))/(45/110)*-6. Suppose i*r = 6*r + l. Let j(v) = -2*v**3 + 2*v**2 + 2*v - 3. Give j(r).
-7
Let k(h) = 5*h**3 + 3*h + 3. Let a(f) be the second derivative of -3*f**5/10 + f**4/12 - 2*f**3/3 - 2*f**2 + 17*f. Let l(v) = -4*a(v) - 5*k(v). What is l(-2)?
-9
Let w(y) = y + 8. Suppose -153*c + 161*c = -96. Give w(c).
-4
Let s(w) be the first derivative of 0 + 0 - 4 + 10 + w**2. Calculate s(1).
2
Let k be 4/6 - (-44)/(-12). Let i(g) be the third derivative of g**4/8 + g**3/2 + 129*g**2. Calculate i(k).
-6
Let c(s) = s**2 + s - 1. Suppose 0 = 2*p + 4*b + 20, 2*b + 3*b - 65 = 2*p. Let t be (-4)/6 + (-64)/3. Let g = p - t. What is c(g)?
5
Let g(f) = -8*f - 10 - 3*f + 10*f + 3*f + 1. What is g(0)?
-9
Let i(g) be the first derivative of -g**4/4 + 5*g**3/3 + g**2 + g - 1. Calculate i(5).
11
Let f = -105 - -108. Let r(w) = 4*w**3 - 3*w**f + 1452 - 1457 - 2*w + 5*w**2. Determine r(-5).
5
Let r(f) = 0*f + f**3 - 229*f**2 - 2*f + 5 + 221*f**2. Determine r(8).
-11
Suppose v + 5 = 1. Let o(i) be the third derivative of i**5/60 + i**4/4 - 80*i**2. What is o(v)?
-8
Let w(x) = -8*x**2 + x + 9*x**2 + 2*x**2 - 1. Let l be w(1). Let i(m) = l - 51*m + 50*m - 4 - 4*m**3. Give i(-1).
4
Suppose -3*t + l + 16 = 2*t, 5*t + 5*l = 10. Let c(n) = 6*n**2 + 4*n - 2. Let d(i) = -4*i**2 - 3*i + 1. Let f(u) = 5*c(u) + 7*d(u). Give f(t).
12
Let y = 1 - -1. Suppose 0 = -5*a + y*x - 7, 5*a + 0*x - 3*x = -3. Let k(j) be the second derivative of -j**4/12 - 2*j**3/3 - j**2 - 262*j. What is k(a)?
1
Suppose -2*v = 24*p - 21*p, 0*p - 5*p = -2*v. Let g(y) be the first derivative of -1 + 1/2*y**2 - 3*y. Determine g(v).
-3
Let y(p) = -p**3 + 13*p**2 - p + 16. Let d be (637/49)/(-1 - -2). Give y(d).
3
Suppose 0 = 4*k - 9*k + 10. Let z(w) = -93*w - w**k + 90*w - 1 - 1. What is z(-3)?
-2
Let t(m) = 41 - 40 + 6*m**2 - 16*m**2 + 5*m**2 + m. Give t(2).
-17
Suppose -2*f = -4*l, -f + 3 = 5*l + 17. Let n(q) be the third derivative of -q**5/60 - q**4/24 - q**3/6 - 89*q**2 + 2. Give n(l).
-3
Let q(r) = -9*r - 2. Let f(u) = -273*u - 63. Let c(p) = -2*f(p) + 63*q(p). Determine c(-1).
21
Let g(d) be the second derivative of d**5/20 - d**4/12 + d**3/6 - 63*d**2/2 + 10*d + 33. Determine g(0).
-63
Let f(y) = -y**2 - 4*y - 6. Suppose -16*o = 202 - 122. Give f(o).
-11
Let i be (-6 + (-204)/(-30))/4*10. Let q(t) = 11*t + 4. Determine q(i).
26
Let i(o) be the third derivative of 0 + 1/6*o**3 - 1/120*o**6 + 1/20*o**5 + 5*o**2 + 0*o - 1/24*o**4. Give i(3).
-2
Let b(t) = 2*t - 4. Suppose -q = -3 + 10. Give b(q).
-18
Let u(t) = -t**3 + 12*t**2 + 17*t - 8. Let c(i) = 5*i - 62. Let j be c(15). Calculate u(j).
44
Let y(p) = -p**3 + 9*p**2 + 12*p - 14. Suppose 0 = 3*v - 3*i + 8*i + 136, -v + 4*i = 68. Let h be (-8)/v - (-512)/52. What is y(h)?
6
Let x = -1603/2 + 802. Let f(p) be the third derivative of x*p**3 + 1/120*p**6 + 1/10*p**5 + 0*p + 0 + 7*p**2 + 1/6*p**4. Calculate f(-5).
8
Let x(v) = -v**2 + 5*v + 14. Let t(i) = 8*i**3 - 5*i**2 + 6*i - 2. Let m be t(1). Calculate x(m).
0
Suppose -m + 32 = -3*k - 6*m, 24 = -4*k - 2*m. Let y(j) be the third derivative of j**6/120 + j**5/20 - 5*j**4/24 - j**3/6 + 3*j**2. What is y(k)?
3
Let u(a) be the first derivative of 29 + 4*a + 5/2*a**2 + 1/3*a**3. Calculate u(-4).
0
Let x(l) = l**2 - 3*l - 5. Let h = -10 + 14. Calculate x(h).
-1
Let y(o) = -o**3 + 10*o**2 + 8*o + 9. Suppose -2*m - l + 23 = 0, 2*l = -m + 4*l + 9. Calculate y(m).
-24
Suppose 2*m = -2*r - 0*m, -r + 2*m = 12. Let u(j) be the first derivative of 7/2*j**2 + 2/3*j**3 + 5*j - 23. Give u(r).
9
Let u be (0 + 2)/(1*3/(-15)). Let a(j) = -j**2 - 9*j + 18. Calculate a(u).
8
Let m(d) = 10*d**3 - 3*d**3 - 5*d**3 + 3 - 3*d**3 + 7*d**2. Let z be m(7). Let u(n) = -2 + 3 + 0*n**2 + n**z - 2*n**2. What is u(1)?
0
Let z(w) = -w**3 + 4*w**2 + 6*w. Suppose -32 = 2*y - 6*y. Let c be (-6)/(-9) + y/(-3). Let o(k) = -k**3 - 2*k**2 - 2*k + 1. Let s be o(c). Calculate z(s).
5
Let g(c) = -c**3 - 10*c**2 - 7*c - 11. Let w be g(-9). Let y = w + 22. Let m(x) = -x - 1. Calculate m(y).
6
Suppose 0 = 20*a + 13*a + 33. Let g(s) = 6*s - 2. What is g(a)?
-8
Let l(a) = -18*a**2 + a - 3. Let d(x) = 17*x**2 - x + 4. Let t(m) = m**2 - 10*m - 28. Let i be t(12). Let k(g) = i*l(g) - 3*d(g). Determine k(-1).
22
Let b(f) = -f**3 + f**2 + f. Let w(l) = 20*l**3 - 15*l**2 - 15*l. Let g(u) = 15*b(u) + w(u). Let z(v) = -4*v - 25. Let c = -4 + -2. Let a be z(c). Give g(a).
-5
Let q(s) = -4*s**3 - 4*s**2 - 10*s - 5. Let d(y) = 5*y**3 + 5*y**2 + 11*y + 6. Let z(r) = -6*d(r) - 7*q(r). Calculate z(1).
-1
Let q(p) be the first derivative of -2*p**3 - 1/4*p**4 - 5/2*p**2 + 5*p - 2. Calculate q(-5).
5
Suppose -3*d + 14 + 4 = 0. Let b(q) = -7*q + 4. Suppose -4*t + 2*t = 10. Let k(z) = -8*z + 3. Let w(c) = t*k(c) + 6*b(c). Give w(d).
-3
Suppose 106 + 70 = 8*r. Let o(h) = r - 4 - h - 16. Calculate o(6).
-4
Let w(t) be the second derivative of t**3 - t**2 - t. Suppose 3*o + 15 = 0, -o + 4 - 7 = b. Determine w(b).
10
Let n = -93 + 95. Let m(r) = -2 - 4*r - 1 + n*